
Let a = 1759 - 1220. Let h = a - 382. Is h a composite number?
False
Let i(p) = -p**3 + p**2 + p. Let a(z) = -2*z**3 - 3*z**2 + 8*z - 1. Let m(y) = a(y) - 4*i(y). Is m(6) a composite number?
True
Let v(i) = -i**3 - 10*i**2 - 7*i + 7. Is v(-12) a composite number?
False
Suppose 4*y - 116 = 3*c + 961, y + 2*c - 272 = 0. Suppose 3*w - y = 15. Is w composite?
True
Suppose 308 = -4*h - 0*h. Let m = 84 + -139. Let b = m - h. Is b composite?
True
Is 2652/8 + 4/(-8) prime?
True
Suppose 4*l + 120 - 513 = -3*c, c - 121 = 2*l. Is c a prime number?
True
Suppose 3*i + 3*d + 15 = 36, 23 = 5*i - d. Suppose 5*c - 1700 = 5*r, -i*c + r + 1702 = -2*r. Is c a prime number?
False
Let a = -11 + 15. Suppose -a*k + 3 = 5*b - 10, -3 = k - 5*b. Suppose 4*y - 6*m - 28 = -m, k*y = -m + 14. Is y a prime number?
True
Suppose 0 = -b + 1040 + 231. Is b a composite number?
True
Let j(i) = 5*i**2 + 7*i + 3. Let l be j(-5). Suppose -3*q = -4*q + l. Is q a prime number?
False
Suppose -5*f + 3*i = -10*f + 680, 2*f + 5*i - 272 = 0. Let n = -59 + f. Is n a composite number?
True
Let b(n) be the third derivative of 0 + 1/12*n**4 + 1/2*n**3 + 0*n + 1/5*n**5 + n**2. Is b(-2) prime?
True
Let h = 250 - 107. Is h a composite number?
True
Let r = -2 + 0. Let z be 8/(-28) - r/7. Let v = 7 + z. Is v a prime number?
True
Suppose 5*y - 3*z - 28 + 9 = 0, -3*y - 3*z - 3 = 0. Let k = -1 + y. Let n(q) = 60*q**2 - 2*q + 1. Is n(k) composite?
False
Suppose -3*r - 227 = -2*w - 0*r, -r - 459 = -4*w. Is w composite?
True
Let c(r) = r**2 - r - 2. Let s be c(-2). Suppose t = s*t - 33. Is t a composite number?
False
Let b = 7 - 15. Let q(m) = -m**2 - 11*m - 10. Let g be q(b). Suppose -2*o - g = -4*x - 3*o, 4*x - o - 18 = 0. Is x a prime number?
False
Suppose h = -2*h - 9. Let p be 2 + 3/(h/(-25)). Suppose -p = q - 4*q. Is q prime?
False
Let s = 5087 - 2584. Is s a composite number?
False
Let r(c) = c**3 + 7*c**2 - 5*c**3 - 7 + 0*c**3 + 3*c**3 + 5*c. Is r(6) composite?
False
Suppose 4 = 5*w - 4*w. Suppose -683 = w*p - 5*p. Is p composite?
False
Let q = 23 + 59. Is q a composite number?
True
Let l be 1*(1 - 0/2). Suppose l = -5*r + 16. Suppose -g = r*g - 260. Is g prime?
False
Suppose -4*l = l - 25. Let g = l - 4. Is (-355)/(-10) - g/2 composite?
True
Let s(u) be the first derivative of 18*u**3 + u + 4. Is s(2) composite?
True
Suppose -5*r + 75 = -2*r. Is r prime?
False
Let m = 374 + 6679. Is m a composite number?
True
Let k(w) be the third derivative of 0*w + 4/3*w**4 - 1/6*w**3 + 0 + w**2. Is k(1) a composite number?
False
Suppose -889 = -n + 2*m - 0*m, -3*n = 3*m - 2667. Is n a prime number?
False
Let m = 2 + 3. Suppose 22 = m*n - 8. Is n a prime number?
False
Suppose 0 = -5*q + 23 - 8. Suppose -q*a + 70 = 496. Let f = 291 + a. Is f composite?
False
Let z(q) = 18*q**2 + 25*q**2 + q + 24*q**2. Let t be z(-2). Let v = t - 117. Is v composite?
False
Suppose 2*j = 5*o - 12, 2*j + 7 = -2*o + 23. Suppose -4*n = -0*n + 3*p - 441, 2*p + 446 = j*n. Suppose 111 = g - 0*g - w, g + w = n. Is g prime?
False
Suppose -h + 6*h + 5*v = -15, 0 = -5*v - 25. Suppose -58 = -h*b + 54. Suppose q - 41 = -4*r + 31, -5*q = 4*r - b. Is r a prime number?
True
Let p(x) = 21*x**2 + 2*x - 3. Let o be (1/(-2))/(3/(-12)). Is p(o) a prime number?
False
Let f be 1 - (-3 - -2) - 3. Is -3 - (0 + 74)*f prime?
True
Let o(d) = 5*d + 2. Let j be o(-2). Let p(u) = -u**2 + u. Let i(n) = n**3 + 6*n**2 + 14*n - 9. Let v(r) = i(r) - 5*p(r). Is v(j) a prime number?
False
Let q = 268 + -1. Let d = 164 + q. Is d prime?
True
Is 1346/(1 + 1/1) prime?
True
Suppose 0 = 4*o + 2 - 14. Suppose o*j + 2*j - 1795 = 0. Is j prime?
True
Suppose -3*d + 509 = -61. Suppose 5*q - 3*q - d = 0. Suppose -5*r + q = -0*r. Is r prime?
True
Let b(l) = -12*l - 7. Let t be b(-8). Suppose -j - 19 + t = -3*i, 5*i + 400 = 5*j. Is j a prime number?
False
Let i(j) = 5*j**3 - 13*j**2 + 2*j - 7. Let g(f) = f**3 - f**2 - f - 1. Let l(s) = 4*g(s) - i(s). Is l(8) composite?
False
Let o = 1703 - 436. Is o prime?
False
Let w(v) be the third derivative of -101*v**4/12 + v**3/6 + 4*v**2. Let d = 0 - 1. Is w(d) a composite number?
True
Let c(n) = -n**3 - 10*n**2 + 14*n + 14. Let h be c(-11). Let t be (22/(-6))/(2/18). Let k = h - t. Is k a prime number?
False
Suppose 0 = -5*g - 1 + 21. Is -1*2*(-314)/g a prime number?
True
Suppose 2*a + 0*b - 536 = 4*b, -5*a = b - 1373. Is a a prime number?
False
Suppose 0*l = 3*l + 6, 1994 = 4*f + l. Is f a prime number?
True
Is 83511/57 - 4/38 a prime number?
False
Let i(g) be the first derivative of 38*g**3/3 - 3. Is i(1) prime?
False
Suppose 2 = 4*o - 3*o. Let q = 15 + -11. Is 1 + 4 + q/o a prime number?
True
Suppose 13*j - 1535 = 8*j. Is j prime?
True
Is (3260 + -18)*2/4 composite?
False
Let t(p) = 19*p**2 - 3*p + 3. Is t(-3) a prime number?
False
Suppose 2*y + 2*s = 12, -y + 8*s + 16 = 4*s. Let k be 14/y - (-1)/4. Suppose -94 = -0*n - k*n. Is n composite?
False
Suppose 12 = 2*l + l. Suppose 0*t + t = l. Suppose 0 = t*q - q - 237. Is q composite?
False
Suppose -3*a = -0*a - 354. Is a a prime number?
False
Suppose -4*d - t + 3 = -1, d + 4 = t. Let z = d - 2. Is 76 - (-1 + 0) - z composite?
False
Suppose 2*p = -p - 9. Let j(t) be the first derivative of -3*t**2 + 4*t - 13. Is j(p) a prime number?
False
Suppose 0 = -2*u + 2 + 4. Let o be 0/u + 109*1. Suppose -5*s = -2*h + o, 3*s + 12 = -s. Is h prime?
True
Let a be 5 - 1 - 2 - -293. Let f = 604 - a. Is f a composite number?
True
Suppose 0 = l - 15 - 16. Is l composite?
False
Suppose -428 = -4*v - m + 9, -v - 3*m = -112. Is v a prime number?
True
Suppose -148 = 4*m - 0. Let b = m + 70. Suppose -3*q + b = -36. Is q a composite number?
False
Let p be 67 - (0 + -1 - -2). Let i = 121 - p. Is i a composite number?
True
Suppose 2*m + 50 + 28 = 0. Let g = 116 + m. Is g a composite number?
True
Suppose 3*j - 50 = j. Let s = 152 - j. Is s prime?
True
Let s(y) = 2*y**2 - 2*y - 3. Is s(6) prime?
False
Let k = 26 + 11. Is k a prime number?
True
Suppose 2*c - 6*d - 3603 = -5*d, -4*c - 3*d = -7221. Is c prime?
False
Let s(q) = q - 5. Let h be s(10). Suppose h*m - 3 - 7 = 0. Suppose m*o - 87 = 71. Is o a composite number?
False
Let c = 579 + -322. Is c a composite number?
False
Let s = 11 - 17. Let f be (20/(-30))/((-2)/s). Is 4*((-77)/f)/7 a composite number?
True
Let y(w) be the third derivative of w**6/120 - w**5/15 - 5*w**4/12 + 3*w**3/2 - 3*w**2. Is y(6) a composite number?
True
Is 53/((-4)/16*-4) a composite number?
False
Let z = 0 + 15. Suppose v = -3*g + z - 0, 0 = -3*g + 2*v + 6. Let q(i) = 4*i**2 - i + 5. Is q(g) prime?
False
Let d = 567 - 89. Is d composite?
True
Suppose -3*i = -6*i + 12. Suppose i*q - 182 = 2*q. Is q composite?
True
Let d(i) = -i**2 + 7*i + 8. Let v be d(8). Suppose -2*q = -v*q - 290. Is q a composite number?
True
Suppose 5*p = 2*k - 606, 5*k - 4*k - 5*p - 313 = 0. Is k prime?
True
Suppose 5*v - q = 3175, 3*q - 635 = 2*v - 3*v. Is v prime?
False
Let j = -3 - -5. Suppose -f + 102 = j*f. Is f prime?
False
Suppose 3*j = -3*m + 11 + 7, -m + 39 = 4*j. Let r = 4 + j. Is 10/r*(-54)/(-4) composite?
True
Suppose 5*y - 4*y = 331. Is y prime?
True
Let r = 7 - 8. Let y(f) = 16*f**2 - f - 2*f**2 - 4*f**2. Is y(r) composite?
False
Let f = -61 + 76. Is f composite?
True
Let o be (-2 + 1)/(4/(-412)). Let l = o + 84. Is l composite?
True
Let h = 6874 - 4041. Is h a composite number?
False
Let d be (25/10)/((-1)/(-2)). Suppose -2*s + 92 = 3*x, -3*x - 85 = -d*s + 124. Is s prime?
True
Let x(p) = -p - 4. Let h be x(-5). Let w be 3/1 + -1 + h. Suppose 57 = w*z - 4*b, -2*z - 16 = 5*b - 77. Is z composite?
False
Let l(g) = -16*g - 9. Is l(-17) a prime number?
True
Suppose v - 2 + 6 = -n, 4*n + 16 = 4*v. Let m be (v + -2 + 0)/(-1). Suppose 5*d - 47 = 2*c - 2, -m*c + 9 = d. Is d composite?
True
Is 2926/10 + (-8)/(-20) a prime number?
True
Is ((-2)/(-4))/(1/746) a composite number?
False
Let k(n) = -n**2 + 9*n - 2. Let m be k(9). Let i = 0 - m. Is i a composite number?
False
Let i(v) = -v + 10. Let a be i(5). Suppose -5*t + 51 = -4*l, 0*l + 57 = a*t + 2*l. Suppose -2*s = -t - 15. Is s a composite number?
False
Let b = 9 + -15. Let w(a) = a**2 + 4*a - 5. Let l be w(b). Let v(s) = -s**3 + 9*s**2 - 10*s + 3. Is v(l) a prime number?
True
Let v be 2 + 2 + -3 + 1. Suppose v*y - y = 10. Suppose y = -w + 63. Is w a comp